)/6) prime?
True
Let d(c) = 1732*c - 231. Is d(27) a composite number?
True
Let u = -403274 + 739105. Is u prime?
False
Let s be (-5924)/10 + (-4)/(-10). Suppose 9*t - 74970 = -61*t. Let z = s + t. Is z a composite number?
False
Is 418516/6 - (-40)/120 a composite number?
True
Let m be (-3 - -4 - 380) + 1. Let s = m + 1439. Suppose 4*c - 455 - s = 0. Is c a composite number?
False
Let f(a) = -3*a**3 - 6*a**2 - 2*a. Let l be 3/(3/2) - (-24)/(-6). Let v be f(l). Is -2 + -1837*(3 - v) a prime number?
False
Let v be 2 - 10/(-15)*3. Suppose -27796 = -4*s + 2*i - 0*i, -2*i + 27780 = v*s. Is s prime?
True
Is (-51)/((-164)/(-33) - 5) + 8 a composite number?
True
Suppose 538878 = 3*l + 3*f, -37*f + 898148 = 5*l - 38*f. Is l a composite number?
True
Suppose -r - 861 = -2081. Suppose 3*s = -2*g - 932, 0 = 3*s + s - 3*g + r. Let j = s - -1007. Is j composite?
True
Suppose -179 = -6*u + 133. Suppose u*o = 50*o - 4. Is (1043/21*18/(-3))/o composite?
False
Let f(m) = 2*m**2 + 23*m + 34. Let d be f(-29). Let w = 3286 - d. Is w a prime number?
True
Suppose -4*x - 36*s = -33*s - 1129420, 0 = 4*x - 4*s - 1129364. Is x a composite number?
False
Suppose 0 = 3*r + 7*r - 110. Suppose 0 = 4*g - r*g + 7273. Is g composite?
False
Let r(u) = 2*u**2 - 18*u - 9. Let n be r(10). Let q = 10 - n. Is 311 - 5 - (q - 0) a composite number?
False
Suppose 15 = 5*c, -6*c + 4*c + 21 = 5*n. Suppose -y + 3505 = 3*a + 2*a, 0 = -n*a + 4*y + 2103. Is a composite?
False
Is (20/70)/((-48)/(-59234952)) a composite number?
False
Suppose -4*w = -16, 4*c - w = 4*w - 17444. Let g = 949 - c. Is g a prime number?
False
Suppose -k - 404 = -l, 0*l + k + 811 = 2*l. Suppose -2*t - 387 = -4*g + 3*t, 4*g - t = l. Let u = -16 + g. Is u prime?
False
Let o = 251 - 247. Suppose 19954 = 2*k + 4*a, 4*a + 20905 + 19003 = o*k. Is k composite?
True
Let i(r) = -158*r + 42. Let s be i(-20). Suppose 2*z + 20 = s. Is z prime?
False
Let n(c) = -2*c**2 - 42*c - 179. Let d be n(-6). Let l = -18 - -5. Is 3*d*l/(-39)*479 prime?
True
Let m = 822755 - -146532. Is m prime?
False
Let h be -6*(-9)/((-54)/(-4)). Suppose -2 + 10 = h*k. Is (-1631)/(-14)*4/k a prime number?
True
Let w(l) be the third derivative of l**5/6 + 7*l**4/24 + l**3/3 + 3*l**2. Let m(j) = -j**2 - 2*j + 160. Let a be m(-14). Is w(a) composite?
True
Let v be 8/28 - 74/14. Let p = v + 33. Suppose -32*u + 2836 = -p*u. Is u composite?
False
Is (-3557626320)/(-2716) - (-2)/(-14) a prime number?
True
Let j = -442 - -190. Let x = 585 + j. Let s = -110 + x. Is s composite?
False
Suppose -8*g = -16*g + 336. Suppose g = 2*l + 8. Let x(m) = 62*m - 71. Is x(l) composite?
False
Let y = -330 - -334. Suppose -3*u + 30384 = -3*d, y*u - 66755 = 3*d - 26238. Is u a prime number?
True
Is (-6)/33 - 17/((-748)/23744740) a prime number?
True
Let q(j) = 3*j + 23. Let t be (-6)/(-4) + -1 + (-15)/2. Let r be q(t). Is (644/12)/(r/6) composite?
True
Let p(s) = -1587*s - 247. Is p(-18) composite?
False
Let y = -39 + 39. Suppose 3*k - 11*k + 56 = y. Suppose 647 = -k*f + 8*f. Is f composite?
False
Let y = 123 - 120. Is (-1)/(-2)*(609 - (0 + y)) a composite number?
True
Let l = -14 + 18. Suppose 0 = u - l*u + 12. Suppose -u*d + 3*x = -1169, -2*d - 5*x = 3*d - 1470. Is d a composite number?
False
Let h(t) = 828*t**2 - 100*t + 25. Is h(11) prime?
False
Let j(z) = 2*z + 30. Let f be j(-14). Let a(d) = d**3 + 3*d**3 - 2*d**3 - 4*d**f + 9*d - 7*d**2 + 5. Is a(8) a composite number?
False
Suppose 0 = -12*a + 16*a - 8. Suppose -2*b + a*b = -2*b. Suppose 2*x - 3*z - 2125 = 0, b = -3*x - x + 2*z + 4230. Is x composite?
True
Let p be (24/(3 - -3) + -6)*5. Let u(j) = -252*j - 42. Let n(i) = -42*i - 7. Let b(v) = -35*n(v) + 6*u(v). Is b(p) a composite number?
True
Suppose 4*h - 1939183 - 293935 = 5*b, 4*h = 2*b + 2233136. Is h a composite number?
False
Suppose -2*d + 18 = 8. Suppose 0 = 4*x - 2*w - 6, -d*x + 2*w = -2*w. Is x - 2 - (-5114)/2 a prime number?
False
Suppose 2*g - 108434 = -m, -5*m = 4*g - 173812 - 43056. Is g prime?
True
Let l(t) = -31*t**3 + 19*t**2 + 7*t + 27. Let n be -4*12/(-4 + 10). Is l(n) composite?
True
Let j(v) = 7*v - 113. Let o be j(18). Is (3/(12/o))/((-3)/(-5532)) composite?
True
Suppose 0 = -3*m - 2*m + 35. Let o(x) = -x**3 + 6*x**2 + 4*x + 17. Let a be o(m). Is (177 + a/(-2))*(2 - 0) composite?
True
Let t(z) = 2563*z - 1. Let b be t(7). Suppose -b - 11900 = -16*w. Is w a composite number?
True
Suppose i - 34252 = 5*t, 3*i = 8*i - 6*t - 171089. Is i composite?
True
Let s(h) = 53*h**2 + 2*h + 22. Let o be -21*4/(-6)*4/8. Is s(o) a composite number?
False
Let v(q) = -192*q - 950. Let d be v(-5). Let f = -13 + 27. Suppose d*o - f*o + 3548 = 0. Is o prime?
True
Let a be 125520/50 + (-2)/5. Is 45*a/8 + (-3)/(-12) a prime number?
False
Suppose 12*y - 18 = 3*y. Suppose -3*m - 16 = 4*z, z + 2 = -y. Suppose m = -8*l + 12988 - 3476. Is l composite?
True
Is 20526946/44 + (-27)/(-18) composite?
True
Suppose 15 = -3*v, 5*c - 2*v - 1842 = 743. Let w = -252 + c. Is w prime?
True
Suppose 3*o = -b - 4*b - 60, 0 = 4*b. Let r = o - -30. Suppose -r*h + 11*h = 53. Is h composite?
False
Let f(x) = -3138*x**3 - 2*x**2 + 25*x + 58. Is f(-3) a composite number?
False
Suppose -5*i + 6171 = d, -3*i - d = -2311 - 1392. Suppose -8*p + 2326 = -i. Is p prime?
False
Let s(u) = -465*u**3 + u**2 + 3*u + 1. Suppose 5*q = -15, -2*x + 2 = -3*q - 11. Let t be s(x). Is (14 + -13)/((-1)/t) composite?
False
Is (-20)/15 + ((-13131)/27)/((-2)/890) composite?
True
Suppose -5*y = g, 3*y + 25 - 47 = -5*g. Suppose -3*w + 5*w + 4*r - 10882 = 0, g*w - r - 27172 = 0. Is w composite?
True
Suppose 5*o - 2145670 = -5*z, 5*o + 3*z - 279740 = 1865924. Is o composite?
True
Suppose 2*a = -0*a + 6, -4*s - 19 = -a. Let x be (1 - (-12)/8)*s/(-5). Suppose -x*i + 2124 = 5*v, 5*v = i - 0*v - 1047. Is i prime?
False
Suppose -5*l + 7*l - 556 = 0. Suppose 4*q = -114 - l. Let y = q + 181. Is y a composite number?
False
Suppose 2310 = 4*u + 7*u. Is u/(-45)*477/(-6) composite?
True
Let c = 760 - -1889. Let b = 1412 + -2832. Let x = b + c. Is x a composite number?
False
Let m(i) be the second derivative of i**5/20 + i**4/12 + 2*i**3/3 + 1115*i**2/2 - 20*i - 1. Is m(0) prime?
False
Let b(z) = 6*z**2 + 10*z + 16. Let u(d) = -d**2 + d + 1. Let y(l) = b(l) - 8*u(l). Let a be y(-7). Is 1*(1 - 0) + a a prime number?
False
Let g = 54586 + -4157. Is g prime?
False
Let d = -34 + -332. Let k be ((-6)/6)/(1/2)*-23. Is (k/3)/(-3 - 1102/d) composite?
True
Is -2*(396/1716 + 9732618/(-52)) a prime number?
False
Let s(j) be the second derivative of j**5/10 - j**4/6 + 5*j**3/2 - 7*j**2 + 15*j - 2. Is s(11) composite?
True
Let c(g) = -6523*g + 147. Let m(d) = 3262*d - 73. Let x(u) = -2*c(u) - 5*m(u). Is x(-3) a prime number?
False
Let d be -2 - -6 - (3 + -3 + 2). Suppose 5*g - 14245 = -2*a - 2*a, -d*g + 5695 = a. Is g a composite number?
True
Let q be (20 - 5)/(-5) - -46. Suppose -19*v + 94922 = q*v. Is v composite?
False
Let r = -77 + 86. Let n(b) = -2*b + 15. Let k be n(r). Let q(h) = 181*h**2 + 2*h - 4. Is q(k) composite?
False
Let a = 40675 - 10374. Is a composite?
True
Let r = -105 - -107. Suppose r*p + 4955 = 3*o, 4*o - 2*p - 6603 = -3*p. Is o composite?
True
Suppose 3*n - 5*b = 31, -5*n - 3*b - 7 = -2. Suppose 70 = n*t + 64. Suppose 11*h - 15064 = t*h. Is h composite?
True
Suppose -663*p + 712*p - 9795737 = 0. Is p a prime number?
False
Let x(y) = 165*y**3 + y**2 - 5*y + 20. Is x(7) a prime number?
True
Let d(z) = 24358*z**2 + 82*z - 601. Is d(8) a composite number?
False
Suppose -f - 3*r = -12113, 6*r - 12117 = -f + r. Is f prime?
True
Let y = 1211676 + -776737. Is y prime?
True
Suppose 4*v - 4*a = 500704, 3*a + 625886 = 8*v - 3*v. Is v a prime number?
False
Let f(j) = 397*j**2 + 147*j - 2763. Is f(25) composite?
False
Let i(r) = r**2 - 11*r + 28. Let b be i(8). Suppose 7*g + 5*k = 11*g - 88554, -b*g + k = -88562. Is g prime?
False
Let z(k) = -255*k + 7. Let l be z(-7). Let f(u) = -u**3 + 12*u**2 + 12*u + 18. Let o be f(13). Suppose 9597 - l = o*q. Is q a composite number?
True
Let x = 371 - 434. Let o = 160 - x. Is o composite?
False
Suppose -71*j = -73*j - 3*k + 169289, j - 84646 = -k. Is j composite?
False
Let o(b) = 5*b - 15. Let k be o(-11). Suppose -3*u + 2*g + 517 = 64, 5*g - 15 = 0. Let v = k + u. Is v prime?
True
Let c(q) = 1798*q + 40